 x(-2). Let p be q(s). Let y = p + 1. What is the units digit of y?
4
Let q = 16 - 12. What is the units digit of q?
4
Suppose 0 = s + 1 - 3. Suppose 2*a = -p + 4*a + 6, -s*p = -a - 24. What is the units digit of p?
4
What is the units digit of 44 + (-4)/12*-3?
5
Suppose 2*s - 271 - 267 = 0. What is the units digit of s?
9
Suppose 1 - 9 = -2*w. Suppose 0*a - 168 = -w*a. What is the units digit of a?
2
Let m(p) = 2*p**2 - 3*p - 14. What is the tens digit of m(6)?
4
Let a(x) = -x**2 - 3*x + 3. Let p be a(-3). Suppose -4*i - j = -55, p*i - 2*j - 24 = 31. What is the tens digit of i?
1
Let f = 5 - 3. Suppose 0 = -3*q - r + 25, 0*q = 3*q + f*r - 26. What is the units digit of q?
8
Let u be 0 - (-7 + 2 + 2). Suppose -l - u*l = -44. What is the units digit of l?
1
Let b(x) = -x**3 - 3*x**2 - 3*x. Let g be b(-2). Let f(d) = -3*d**g - 6 - 6*d + 0*d**2 + 4*d**2 + 2. What is the units digit of f(7)?
3
Let j = -10 - -10. Suppose 0 = 5*m - j + 5, 5*n - 184 = 4*m. What is the units digit of n?
6
Let i = 9 - 3. Suppose -i = 3*c + 3. What is the units digit of (-6)/(c*2/3)?
3
Suppose 0 = -6*t + t + 40. Suppose x + t + 3 = 0. Let s = 23 + x. What is the tens digit of s?
1
Let d = -618 + 911. What is the hundreds digit of d?
2
Suppose 3 = -f + 3*b, -3*f - b + 1 = -2*f. Suppose f = -3*w + 3 + 9. Let n = w + 5. What is the units digit of n?
9
Suppose 0 = -4*j + 5*w + 650, 4*w - 2 = 3*w. What is the hundreds digit of j?
1
Let v = -4 - -10. Suppose 12 = 2*k - v*k. Let c(b) = b**2 + 2*b - 2. What is the units digit of c(k)?
1
Suppose 0 = 5*w + 5 - 190. What is the tens digit of w?
3
Suppose 0*u - 2*u + 4 = -2*x, 0 = 4*x. Let q(c) = 4*c - 4. Let g(h) = -7*h + 9. Let w(s) = 2*g(s) + 5*q(s). What is the units digit of w(u)?
0
Let u = 96 + -7. What is the tens digit of u?
8
Let u be (-11 - -3) + 1*2. Let z be 2/3 - 20/u. Suppose 2 = -y + z. What is the units digit of y?
2
Let q(y) = -7*y**3 + y. Let v be q(1). Let a = -12 - v. What is the units digit of (a/(-9))/(2/3)?
1
Let n = -65 - -124. What is the tens digit of n?
5
Suppose -4*u = -0*u - 72. Suppose 11 = 5*i + 3*v, -5*i + 4*v + u + 14 = 0. Suppose 3*n - 50 = -0*n + i*q, n = 3*q + 25. What is the units digit of n?
0
Let y = -82 + 151. What is the tens digit of y?
6
Let o(k) = -k**2 + 15*k - 12. What is the units digit of o(14)?
2
Let z(r) = r**3 - 7*r**2 - 6*r - 11. Let d be z(8). What is the units digit of d/((-2)/(1 - 3))?
5
Suppose 0*u = 2*u - 3*z - 69, 5*u - z - 179 = 0. Suppose 2*c - t - 15 = 0, 2*c + 3*c - u = 2*t. What is the units digit of c?
6
Suppose -5*g + g + 5*j = -363, -j - 275 = -3*g. What is the tens digit of g?
9
Suppose 0 = -0*z - 3*z + 90. What is the tens digit of z?
3
Let u = -3 + 6. Suppose 46 = u*s + 10. What is the units digit of s?
2
Let s(x) = -x**2 - 9*x - 10. Let r be s(-7). Let k be (-1 - (3 - r))*-1. Suppose -2*q = -0*f - 2*f + 16, -4*f - 4*q + 56 = k. What is the units digit of f?
1
Suppose -2*g + 8*g = 54. Let d = 15 - g. What is the units digit of d?
6
Let a(i) = i + 1. Let b be a(-2). Let r(w) = -24*w. Let j be r(b). Let q = 34 - j. What is the units digit of q?
0
Let y(m) = 23*m**3 - 3*m**2 + 4*m + 2. What is the tens digit of y(2)?
8
Suppose -2*h - 38 = -3*h. What is the tens digit of h?
3
Let t = -10 + 44. Suppose -i + t = -0*i. What is the units digit of i?
4
Suppose 0 = -y - 4*q + 7 + 3, 3*y + q - 41 = 0. Let z(i) = -i - 4. Let r be z(-5). Suppose y = 3*f - r. What is the units digit of f?
5
Let k(g) = -3*g - 3. Let h(u) = u + 1. Let a(z) = -11*h(z) - 4*k(z). Let y be a(1). Suppose q - 20 = 5*o - 53, y*o + 2*q - 6 = 0. What is the units digit of o?
6
Suppose -18 - 90 = -6*u. What is the units digit of u?
8
Let g(r) = -2*r + 14. What is the units digit of g(-7)?
8
What is the tens digit of ((-3)/20*-5)/(1/36)?
2
Let j = 44 - 11. What is the units digit of j?
3
Let t(w) = -17*w - 7. What is the units digit of t(-3)?
4
Suppose -5*g - u + 60 = 0, 0*g + 4*g - 2*u - 34 = 0. Let l be 29 + 0 + 2 + -1. Suppose 2*n = 2*m + 7*n - g, 2*n - l = -4*m. What is the units digit of m?
8
Let g be -1 + 10 - (11 + -12). Let a = 13 - g. What is the units digit of a?
3
Suppose 3*d - 139 = -2*b, 0*b = 2*b - d - 135. Suppose -2*o - 2*o = 4*r - 120, -2*o = 4*r - b. What is the units digit of o?
6
Let l be 1*0/(-1 - 1). Let f = l + 14. What is the units digit of f?
4
Let o(v) = v**2 + 2*v + 1. Let q be o(-1). Let p = -2 - q. What is the units digit of (-3)/p*12/2?
9
Let q(g) = -g**2 + 8*g - 6. Let h be q(7). Let d = -3 - 3. What is the units digit of (d + 5)/((-1)/h)?
1
Let u be ((-2)/((-2)/13))/(-1). What is the units digit of 1/((-1)/u) - -3?
6
Suppose 87 = -5*h - 38. Let u = -10 - h. What is the units digit of u?
5
Suppose 3*d = 60 + 24. What is the units digit of (-8)/d - 132/(-21)?
6
Suppose 0 = -3*l + 99 + 114. What is the units digit of l?
1
Suppose -3*r = 0, u + 3*r + 51 = 2*u. What is the units digit of u?
1
Suppose -l + 1701 = 6*l. What is the units digit of l?
3
Suppose 0 = 3*h - 5*v - 29, 4*h = -v - 2*v. Let k = -8 - -11. Suppose 0 = -0*p + 2*p + i - 26, 0 = -h*p - k*i + 39. What is the tens digit of p?
1
Let k be 252/(-27) + (-4)/6. Let u(a) = -5*a - 2. Let x be u(-2). What is the units digit of (-76)/k - x/(-20)?
8
Let o be ((-4)/(-6))/((-2)/(-42)). Suppose -5*j + 2*h + o = h, 0 = -h - 4. Suppose 14 = j*y - 0. What is the units digit of y?
7
Suppose -3*t + 25 = 2*h, 5*t - 37 - 8 = -4*h. Suppose -5*b = 3*r - 159, 2*b = -h*r + r + 58. What is the tens digit of b?
3
Suppose -2*j - 50 = -3*r, -3*r = r - 5*j - 62. What is the tens digit of r?
1
Let q(c) = 26*c**3 + c. Suppose 3 - 6 = -3*g. What is the units digit of q(g)?
7
Suppose 10 = 4*z - 2. Let v be (0 - 1 - 1)/(-1). What is the units digit of z/v - 27/(-6)?
6
Suppose 0*g = -2*g - c + 14, -4*c + 14 = g. Suppose -g*z + 3*z = -6. Suppose z*i - 59 = -5*u + i, 2*u = -5*i + 42. What is the units digit of u?
1
Suppose 2*b = 6*b. Let q = -4 + 7. Suppose -q*g + b = -3. What is the units digit of g?
1
Let d = 210 + -138. What is the units digit of d?
2
Let y = -1 + 15. What is the units digit of y?
4
Let h(m) = -4*m + 26. What is the units digit of h(-11)?
0
Let x = 57 - 33. Suppose -3*h = -27 - x. Let m = -11 + h. What is the units digit of m?
6
Let k(a) = 5*a**2 - 17*a - 8. Let q(v) = v**2 - v - 1. Let y(n) = k(n) - 6*q(n). Suppose -4*b = -4*u + 40, 2*b - u + 6 = -14. What is the units digit of y(b)?
8
Let n = -6 - 1. Let g(z) = -z + 9. Let x(s) = -4*s + 44. Let l(a) = 14*g(a) - 3*x(a). What is the units digit of l(n)?
8
Let a = 39 + -33. Let b = 49 + -28. Let l = b - a. What is the units digit of l?
5
Suppose -3*g = 2 - 5. Let x be (-2 - (0 - g))*-3. Suppose -x*u - 3 = -21. What is the units digit of u?
6
Let m = -4 - -14. Let p(u) = -5*u**3 - 2*u**2 - 2*u - 1. Let h be p(-2). Suppose 0 = m*w - 5*w - h. What is the units digit of w?
7
Let z be ((-2)/5)/((-3)/(-45)). Let f = z + 7. What is the units digit of f?
1
Suppose 127 + 13 = 2*s. What is the tens digit of (-3)/6 + s/4?
1
Suppose 3*r + g - 677 = 0, -3*r + 689 = -4*g + 2*g. What is the units digit of r?
7
Let x = -518 - -819. What is the units digit of x?
1
Let q = -77 + 121. Suppose -4*a - 3*u = 107, -u = a - 3*u + 35. Let m = a + q. What is the units digit of m?
5
Let d(v) = -v**2 - 6*v + 6. Let k be d(5). Let a = k - -80. What is the tens digit of a?
3
Let y = 3 - 10. Let c = 2 - y. What is the units digit of c?
9
Let w(f) = -11*f + 4. Let x be w(-4). Suppose -3*l + x = -l. Suppose 3*u - l = -0*u. What is the units digit of u?
8
Let l be 0/(-1 - 2 - -1). Suppose -2*q + 22 = -l*q. What is the units digit of q?
1
Suppose -3*v + 5*z - 14 = -v, 2*v + 6 = 3*z. Let m be (1 - -1)*11/2. Suppose -6 = 2*w, 0 = -v*h + 4*w - m + 56. What is the units digit of h?
1
Let b(t) = 3*t - 3 - 6*t + 4*t. Let g be b(0). Let w = 9 + g. What is the units digit of w?
6
What is the units digit of (-394)/(-10) - 26/65?
9
Let v(x) = -x**2 - 6*x + 2. Let a be v(-6). Suppose -2 = o - a*o. Suppose 5*g - n - 7 = 2*g, -2*g + 2*n = -o. What is the units digit of g?
3
Let r(m) = m - 7. Let b be r(9). Let a = -3 + b. What is the tens digit of (-11*1)/(1/a)?
1
Suppose -5*d + 3*c = -329, 2*d - 72 = -c + 53. What is the tens digit of d?
6
Suppose 0 = -v + z - 4*z + 66, 3*v - 209 = 2*z. What is the tens digit of v?
6
Suppos